{"id":37,"date":"2017-09-13T23:45:51","date_gmt":"2017-09-14T03:45:51","guid":{"rendered":"http:\/\/binim.org\/?page_id=37"},"modified":"2017-11-10T22:45:53","modified_gmt":"2017-11-11T03:45:53","slug":"history","status":"publish","type":"page","link":"https:\/\/binim.org\/index.php\/history\/","title":{"rendered":"History"},"content":{"rendered":"<div id=\"pl-37\"  class=\"panel-layout\" ><div id=\"pg-37-0\"  class=\"panel-grid panel-no-style\" ><div id=\"pgc-37-0-0\"  class=\"panel-grid-cell\" ><div id=\"panel-37-0-0-0\" class=\"widget_text so-panel widget widget_custom_html panel-first-child panel-last-child\" data-index=\"0\" ><h3 class=\"widget-title\">Belarusian (Bielarusian) history and linguistic development<\/h3><div class=\"textwidget custom-html-widget\"><ol>\n \t<li>Bie\u0142arusian territories were a crossroad and subject of interest to many invaders throughout centuries. Despite that, the early (feudal) Bie\u0142arusian principalities were much more prosperous and culturally advanced than most of their Russian, Polish, and Lithuanian neighbours (the latter accepted Christianity only in the 14th century); the reader will find confirmation in the following on-line material. By the last third of the seventeenth century, Bie\u0142arusian history became very tragic compared to most of the European countries. This situation worsened by the end of the eighteenth century with Imperial Russia\u2019s three major partitions of the Bie\u0142arusian lands. Bie\u0142arusian history was reflected in the country\u2019s linguistic development (Please see part 2).\n<ol type=\"a\">\n \t<li><a href=\"http:\/\/www.belarusguide.com\/as\/history\/history.html\" target=\"blanc\">History of Belarus (Great Litva)<\/a><\/li>\n \t<li><a href=\"http:\/\/www.belarusguide.com\/cities\/polacak.html\" target=\"blanc\">Polacak (Polatsak)<\/a><\/li>\n \t<li><a href=\"http:\/\/www.fact-index.com\/p\/po\/polatsk.html\" target=\"blanc\">Polacak (Polatsak) facts:<\/a><\/li>\n \t<li><a href=\"http:\/\/www.belarusguide.com\/as\/history\/jermal1.html\" target=\"blanc\">The Origins of the Great Duchy of Litva (Litvania; Lithuania)<\/a><\/li>\n \t<li><a href=\"http:\/\/www.belarusguide.com\/as\/history\/jermal1.html\" target=\"blanc\">Great Duchy of Litva (Litvania; Lithuania)<\/a><\/li>\n \t<li><a href=\"http:\/\/www.belarus-misc.org\/vrich\/v-rich-nation-search.htm\" target=\"blanc\">Vera Rich. \u201cBelarus: Nation in Search of a History, 1991 and all that\u201d<\/a><\/li>\n \t<li><a href=\"http:\/\/www.belarus.by\/en\/about-belarus\/history\" target=\"blanc\">Belarus History<\/a><\/li>\n \t<li><a href=\"http:\/\/www.everyculture.com\/A-Bo\/Belarus.html\" target=\"blanc\">Belarus<\/a><\/li>\n \t<li><a href=\"https:\/\/commons.wikimedia.org\/wiki\/Category:History_of_Belarus\" target=\"blanc\">History of Belarus\u00a0<\/a><\/li>\n<\/ol>\n<\/li>\n \t<li>\n<ol type=\"a\">\n \t<li>Old Bie\u0142arusian was the state language of the Duchy (Principality) of Po\u0142acak (Polack; Polatsak; Polotsk, founded in 10th century), which together with other old Bie\u0142arusian principalities (for example, Navahrudak, founded in the11th century and Tura\u016d: first mentioned in 980), were integrated into the Grand Duchy of Litva; Lithuania (GDL) in the 13th and the very beginning of the 14th century. The earliest Bie\u0142arusian writer (renowned by all the Christians), is St. Cyril, the Bishop of Tura\u016d (Kiry\u0142a Tura\u016dski; 1130-1182), the most accomplished, prolific, genuine, imitated, and followed author of Orthodox theology until the appearance of the next genius of Bie\u0142arusian origin, Francysk (Franci\u0161ak) Skaryna (1490-1552). Dr. Skaryna was the Renaissance person: humanist, writer, translator, medical doctor, botanist, and one of the first book printers in Eastern Europe. Skaryna singlehandedly created literary Old Bie\u0142arusian language (based on vernacular of his native city of Po\u0142acak. The Old Bie\u0142arusian was the country\u2019s state language, where spiritual and secular literature became the most advanced in Europe by the 16th century. Bie\u0142arusian grammar book was published in 1596 (the first in East Slavic tradition).<\/li>\n \t<li>Though Lublin\u2019s unification of the GDL and Kingdom of Poland in 1569 seconded Old Bie\u0142arusian language to Polish, major government documents (GDL\u2019s Metrics (archival documents):\u00a0<a href=\"http:\/\/www.belarusguide.com\/culture1\/texts\/Metrika.html\" target=\"blanc\">Metrika\u00a0<\/a>\u00a0 and\u00a0<a href=\"http:\/\/www.belarusguide.com\/culture1\/texts\/Statut.html\" target=\"blanc\">Statutes (Civil Law) of Grand Duchy of Litva continued to be written in Bie\u0142arusian.<\/a><\/li>\n \t<li>There were the following changes in the eighteenth century, noted by the academician Adam Maldzis: \u201cCompared to the Baroque, Bie\u0142arusian literature of Enlightenment had a strong multilingual character, and Bie\u0142arusian was no longer the dominant language in the 18th century. Though Polish acquired dominance in writing and performing, books in Old Slavonic, Latin, Hebrew, Yiddish, German, and French, and some handwritten manuscripts, often included Ukrainian, Lithuanian, and Tatar texts. After 1772, and particularly in the 1790s, the Russian language was popularized by the tsarist government of victorious Russia. Bie\u0142aru\u015b was a true literary Babylon in a rather small territory!\u201d (Adam Maldzis, \u201c\u0160lacheckaja kultura, Lecture 16, p. 3.\u201d)<\/li>\n \t<li>Written Bie\u0142arusian was prohibited in 1864, and was resurrected only by the very end of the 19th century by a group of young intellectuals: enthusiasts for the native word.<\/li>\n \t<li>A rich diversity of written native languages was first officially returned to the land by the Bie\u0142arusian People\u2019s Republic (BNR). One of its memorandums called for the following actions, proposed by the BNR\u2019s first president, Vacla\u016d Lasto\u016dski: \u201cAll the state documentation, including paper currency and stamps, are printed in the following state languages: Bie\u0142arusian, Yiddish, Polish, and Russian.\u201d For Yiddish that act was unprecedented in the two-thousand history of the Jewish Diaspora.<\/li>\n \t<li>\u00a0 The Soviets copied this memorandum and accepted Bie\u0142arusian, Yiddish, Polish, and Russian as the state languages in their constitution of the 1919. They abandoned this clause in 1938. By that time even Bie\u0142arusian became a \u201csecond hand language\u201d in its own country. Unfortunately, the present Bie\u0142arusian government continues the same language politics by preferring Russian to the country\u2019s native Bie\u0142arusian.<\/li>\n<\/ol>\n<\/li>\n \t<li>Belarusian (Bie\u0142arusian) Language Links:\n<ol type=\"a\">\n \t<li><a href=\"http:\/\/www.omniglot.com\/writing\/belarusian.htm\" target=\"blanc\">Omniglot. Belarusian (\u0411\u0435\u043b\u0430\u0440\u0443\u0441\u043a\u0430\u044f \u043c\u043e\u0432\u0430 \/ Bielaruskaja mova)<\/a><\/li>\n \t<li><a href=\"https:\/\/en.wikipedia.org\/wiki\/Belarusian_language\" target=\"blanc\">Wikipedia. Belarusian language<\/a><\/li>\n \t<li><a href=\"http:\/\/www.belarus-misc.org\/\" target=\"blanc\">A Belarus Miscellany<\/a><\/li>\n \t<li><a href=\"http:\/\/www.pravapis.org\/\" target=\"blanc\">Belarusian Language<\/a><\/li>\n<\/ol>\n<\/li>\n \t<li>Details of the Latin alphabet for Belarusian (source of much of the information on this page):\n<ol type=\"a\">\n \t<li><a href=\"http:\/\/www.cus.cam.ac.uk\/~np214\/lacin.htm\">http:\/\/www.cus.cam.ac.uk\/~np214\/lacin.htm<\/a><\/li>\n<\/ol>\n<\/li>\n \t<li>Online Belarusian lessons\n<ol type=\"a\">\n \t<li><a href=\"http:\/\/www.radiobelarus.tvr.by\/en\/content\/belarusian-language-lesson\">http:\/\/www.radiobelarus.tvr.by\/en\/content\/belarusian-language-lesson<\/a>s<\/li>\n \t<li><a href=\"http:\/\/mylanguages.org\/learn_belarusian.php\">http:\/\/mylanguages.org\/learn_belarusian.php<\/a><\/li>\n \t<li><a href=\"http:\/\/en.wikibooks.org\/wiki\/Belarusian\">http:\/\/en.wikibooks.org\/wiki\/Belarusian<\/a><\/li>\n \t<li><a href=\"http:\/\/polymath.org\/belarusian.php\">http:\/\/polymath.org\/belarusian.php<\/a><\/li>\n \t<li><a href=\"http:\/\/www.movananova.by\/\">http:\/\/www.movananova.by\/<\/a><\/li>\n<\/ol>\n<\/li>\n \t<li>Learn Belarusian with Glossika - Fluency is Confidence. Start speaking today!<\/li>\n<\/ol>\n<\/div><\/div><\/div><\/div><\/div>","protected":false},"excerpt":{"rendered":"<p>Belarusian (Bielarusian) history and linguistic development Bie\u0142arusian territories were a crossroad and subject of interest to many invaders throughout centuries. Despite that, the early (feudal) Bie\u0142arusian principalities were much more&#8230;<\/p>\n<p class=\"more-link\"><a href=\"https:\/\/binim.org\/index.php\/history\/\"><span>Read More<\/span><i>&#43;<\/i><\/a><\/p>\n","protected":false},"author":1,"featured_media":0,"parent":0,"menu_order":0,"comment_status":"closed","ping_status":"closed","template":"","meta":{"telegram_tosend":false,"telegram_tosend_message":"","telegram_tosend_target":0,"_exactmetrics_skip_tracking":false,"_exactmetrics_sitenote_active":false,"_exactmetrics_sitenote_note":"","_exactmetrics_sitenote_category":0,"_mc_calendar":[],"footnotes":""},"class_list":["post-37","page","type-page","status-publish","hentry"],"yoast_head":"<!-- This site is optimized with the Yoast SEO plugin v27.3 - https:\/\/yoast.com\/product\/yoast-seo-wordpress\/ -->\n<title>History - Belarusian Institute of Arts and Sciences, Canada<\/title>\n<meta name=\"robots\" content=\"index, follow, max-snippet:-1, max-image-preview:large, max-video-preview:-1\" \/>\n<link rel=\"canonical\" href=\"https:\/\/binim.org\/index.php\/history\/\" \/>\n<meta property=\"og:locale\" content=\"en_US\" \/>\n<meta property=\"og:type\" content=\"article\" \/>\n<meta property=\"og:title\" content=\"History - Belarusian Institute of Arts and Sciences, Canada\" \/>\n<meta property=\"og:description\" content=\"Belarusian (Bielarusian) history and linguistic development Bie\u0142arusian territories were a crossroad and subject of interest to many invaders throughout centuries. Despite that, the early (feudal) Bie\u0142arusian principalities were much more&#8230;Read More&#043;\" \/>\n<meta property=\"og:url\" content=\"https:\/\/binim.org\/index.php\/history\/\" \/>\n<meta property=\"og:site_name\" content=\"Belarusian Institute of Arts and Sciences, Canada\" \/>\n<meta property=\"article:publisher\" content=\"https:\/\/www.facebook.com\/Belarusian-Institute-of-Arts-and-Sciences-Canada-157505484997954\" \/>\n<meta property=\"article:modified_time\" content=\"2017-11-11T03:45:53+00:00\" \/>\n<meta name=\"twitter:card\" content=\"summary_large_image\" \/>\n<meta name=\"twitter:label1\" content=\"Est. reading time\" \/>\n\t<meta name=\"twitter:data1\" content=\"4 minutes\" \/>\n<script type=\"application\/ld+json\" class=\"yoast-schema-graph\">{\"@context\":\"https:\\\/\\\/schema.org\",\"@graph\":[{\"@type\":\"WebPage\",\"@id\":\"https:\\\/\\\/binim.org\\\/index.php\\\/history\\\/\",\"url\":\"https:\\\/\\\/binim.org\\\/index.php\\\/history\\\/\",\"name\":\"History - Belarusian Institute of Arts and Sciences, Canada\",\"isPartOf\":{\"@id\":\"https:\\\/\\\/binim.org\\\/#website\"},\"datePublished\":\"2017-09-14T03:45:51+00:00\",\"dateModified\":\"2017-11-11T03:45:53+00:00\",\"breadcrumb\":{\"@id\":\"https:\\\/\\\/binim.org\\\/index.php\\\/history\\\/#breadcrumb\"},\"inLanguage\":\"en-CA\",\"potentialAction\":[{\"@type\":\"ReadAction\",\"target\":[\"https:\\\/\\\/binim.org\\\/index.php\\\/history\\\/\"]}]},{\"@type\":\"BreadcrumbList\",\"@id\":\"https:\\\/\\\/binim.org\\\/index.php\\\/history\\\/#breadcrumb\",\"itemListElement\":[{\"@type\":\"ListItem\",\"position\":1,\"name\":\"Home\",\"item\":\"https:\\\/\\\/binim.org\\\/\"},{\"@type\":\"ListItem\",\"position\":2,\"name\":\"History\"}]},{\"@type\":\"WebSite\",\"@id\":\"https:\\\/\\\/binim.org\\\/#website\",\"url\":\"https:\\\/\\\/binim.org\\\/\",\"name\":\"Belarusian Institute of Arts and Sciences, Canada\",\"description\":\"\u0411\u0435\u043b\u0430\u0440\u0443\u0441\u043a\u0456 \u0456\u043d\u0441\u0442\u044b\u0442\u0443\u0442 \u043d\u0430\u0432\u0443\u043a\u0456 \u0439 \u043c\u0430\u0441\u0442\u0430\u0446\u0442\u0432\u0430 \u045e \u041a\u0430\u043d\u0430\u0434\u0437\u0435\",\"publisher\":{\"@id\":\"https:\\\/\\\/binim.org\\\/#organization\"},\"potentialAction\":[{\"@type\":\"SearchAction\",\"target\":{\"@type\":\"EntryPoint\",\"urlTemplate\":\"https:\\\/\\\/binim.org\\\/?s={search_term_string}\"},\"query-input\":{\"@type\":\"PropertyValueSpecification\",\"valueRequired\":true,\"valueName\":\"search_term_string\"}}],\"inLanguage\":\"en-CA\"},{\"@type\":\"Organization\",\"@id\":\"https:\\\/\\\/binim.org\\\/#organization\",\"name\":\"BINiM Canada\",\"url\":\"https:\\\/\\\/binim.org\\\/\",\"logo\":{\"@type\":\"ImageObject\",\"inLanguage\":\"en-CA\",\"@id\":\"https:\\\/\\\/binim.org\\\/#\\\/schema\\\/logo\\\/image\\\/\",\"url\":\"https:\\\/\\\/binim.org\\\/wp-content\\\/uploads\\\/2017\\\/11\\\/BINIM-952.png\",\"contentUrl\":\"https:\\\/\\\/binim.org\\\/wp-content\\\/uploads\\\/2017\\\/11\\\/BINIM-952.png\",\"width\":952,\"height\":952,\"caption\":\"BINiM Canada\"},\"image\":{\"@id\":\"https:\\\/\\\/binim.org\\\/#\\\/schema\\\/logo\\\/image\\\/\"},\"sameAs\":[\"https:\\\/\\\/www.facebook.com\\\/Belarusian-Institute-of-Arts-and-Sciences-Canada-157505484997954\",\"https:\\\/\\\/www.youtube.com\\\/channel\\\/UCNZZleQs0vG7_qux6XdcRBA\\\/videos\"]}]}<\/script>\n<!-- \/ Yoast SEO plugin. -->","yoast_head_json":{"title":"History - Belarusian Institute of Arts and Sciences, Canada","robots":{"index":"index","follow":"follow","max-snippet":"max-snippet:-1","max-image-preview":"max-image-preview:large","max-video-preview":"max-video-preview:-1"},"canonical":"https:\/\/binim.org\/index.php\/history\/","og_locale":"en_US","og_type":"article","og_title":"History - Belarusian Institute of Arts and Sciences, Canada","og_description":"Belarusian (Bielarusian) history and linguistic development Bie\u0142arusian territories were a crossroad and subject of interest to many invaders throughout centuries. Despite that, the early (feudal) Bie\u0142arusian principalities were much more&#8230;Read More&#43;","og_url":"https:\/\/binim.org\/index.php\/history\/","og_site_name":"Belarusian Institute of Arts and Sciences, Canada","article_publisher":"https:\/\/www.facebook.com\/Belarusian-Institute-of-Arts-and-Sciences-Canada-157505484997954","article_modified_time":"2017-11-11T03:45:53+00:00","twitter_card":"summary_large_image","twitter_misc":{"Est. reading time":"4 minutes"},"schema":{"@context":"https:\/\/schema.org","@graph":[{"@type":"WebPage","@id":"https:\/\/binim.org\/index.php\/history\/","url":"https:\/\/binim.org\/index.php\/history\/","name":"History - Belarusian Institute of Arts and Sciences, Canada","isPartOf":{"@id":"https:\/\/binim.org\/#website"},"datePublished":"2017-09-14T03:45:51+00:00","dateModified":"2017-11-11T03:45:53+00:00","breadcrumb":{"@id":"https:\/\/binim.org\/index.php\/history\/#breadcrumb"},"inLanguage":"en-CA","potentialAction":[{"@type":"ReadAction","target":["https:\/\/binim.org\/index.php\/history\/"]}]},{"@type":"BreadcrumbList","@id":"https:\/\/binim.org\/index.php\/history\/#breadcrumb","itemListElement":[{"@type":"ListItem","position":1,"name":"Home","item":"https:\/\/binim.org\/"},{"@type":"ListItem","position":2,"name":"History"}]},{"@type":"WebSite","@id":"https:\/\/binim.org\/#website","url":"https:\/\/binim.org\/","name":"Belarusian Institute of Arts and Sciences, Canada","description":"\u0411\u0435\u043b\u0430\u0440\u0443\u0441\u043a\u0456 \u0456\u043d\u0441\u0442\u044b\u0442\u0443\u0442 \u043d\u0430\u0432\u0443\u043a\u0456 \u0439 \u043c\u0430\u0441\u0442\u0430\u0446\u0442\u0432\u0430 \u045e \u041a\u0430\u043d\u0430\u0434\u0437\u0435","publisher":{"@id":"https:\/\/binim.org\/#organization"},"potentialAction":[{"@type":"SearchAction","target":{"@type":"EntryPoint","urlTemplate":"https:\/\/binim.org\/?s={search_term_string}"},"query-input":{"@type":"PropertyValueSpecification","valueRequired":true,"valueName":"search_term_string"}}],"inLanguage":"en-CA"},{"@type":"Organization","@id":"https:\/\/binim.org\/#organization","name":"BINiM Canada","url":"https:\/\/binim.org\/","logo":{"@type":"ImageObject","inLanguage":"en-CA","@id":"https:\/\/binim.org\/#\/schema\/logo\/image\/","url":"https:\/\/binim.org\/wp-content\/uploads\/2017\/11\/BINIM-952.png","contentUrl":"https:\/\/binim.org\/wp-content\/uploads\/2017\/11\/BINIM-952.png","width":952,"height":952,"caption":"BINiM Canada"},"image":{"@id":"https:\/\/binim.org\/#\/schema\/logo\/image\/"},"sameAs":["https:\/\/www.facebook.com\/Belarusian-Institute-of-Arts-and-Sciences-Canada-157505484997954","https:\/\/www.youtube.com\/channel\/UCNZZleQs0vG7_qux6XdcRBA\/videos"]}]}},"publishpress_future_action":{"enabled":false,"date":"2026-04-26 09:07:32","action":"change-status","newStatus":"draft","terms":[],"taxonomy":"","extraData":[]},"publishpress_future_workflow_manual_trigger":{"enabledWorkflows":[]},"rttpg_featured_image_url":null,"rttpg_author":{"display_name":"admin","author_link":"https:\/\/binim.org\/index.php\/author\/admin\/"},"rttpg_comment":0,"rttpg_category":null,"rttpg_excerpt":"Belarusian (Bielarusian) history and linguistic development Bie\u0142arusian territories were a crossroad and subject of interest to many invaders throughout centuries. Despite that, the early (feudal) Bie\u0142arusian principalities were much more&#8230;Read More&#43;","post_mailing_queue_ids":[],"_links":{"self":[{"href":"https:\/\/binim.org\/index.php\/wp-json\/wp\/v2\/pages\/37","targetHints":{"allow":["GET"]}}],"collection":[{"href":"https:\/\/binim.org\/index.php\/wp-json\/wp\/v2\/pages"}],"about":[{"href":"https:\/\/binim.org\/index.php\/wp-json\/wp\/v2\/types\/page"}],"author":[{"embeddable":true,"href":"https:\/\/binim.org\/index.php\/wp-json\/wp\/v2\/users\/1"}],"replies":[{"embeddable":true,"href":"https:\/\/binim.org\/index.php\/wp-json\/wp\/v2\/comments?post=37"}],"version-history":[{"count":9,"href":"https:\/\/binim.org\/index.php\/wp-json\/wp\/v2\/pages\/37\/revisions"}],"predecessor-version":[{"id":469,"href":"https:\/\/binim.org\/index.php\/wp-json\/wp\/v2\/pages\/37\/revisions\/469"}],"wp:attachment":[{"href":"https:\/\/binim.org\/index.php\/wp-json\/wp\/v2\/media?parent=37"}],"curies":[{"name":"wp","href":"https:\/\/api.w.org\/{rel}","templated":true}]}}